 5*n**2 - 7*n + 4. Let y = -55 + 59. Suppose y*q = q + 9. Suppose 0 = x - 0*x + 4*d, -q*x - 3*d + 9 = 0. Determine m(x).
-8
Let n(v) = 2*v + 4. Suppose 6*p + 8 = 8*p. Suppose -p*c + 252 = 5*c. Suppose -111*o - c = -115*o. Determine n(o).
18
Let u(s) be the first derivative of -s**4/2 - 13*s**3/3 + 5*s**2/2 - 8*s + 3081. Determine u(-7).
6
Let k(g) = -g**3 - 12*g**2 + 26*g - 32. Let c be -5 + (21/14)/((-5)/30). What is k(c)?
-4
Suppose 4*o = 2*o - 5*o - 2*o. Let x(m) be the third derivative of o + 0*m + 14*m**2 - 1/8*m**4 - 1/6*m**3. Determine x(2).
-7
Suppose 43*f = 44*f - 1. Let s(t) = 20*t**2 - t + 1. Give s(f).
20
Let o(p) = p**2 - 5*p + 1. Suppose -11*d = -7*d + 4. Let r be (0 + d)/(2/(-16)*1). Give o(r).
25
Let y(z) = z**3 - 5*z**2 + 2*z + 1. Let o = -40 - -25. Let c be (312/o)/(-8) - (-6)/(-10). Suppose -2 = c*b - 10. Calculate y(b).
-7
Let g(a) = 15*a**2 - 1. Let d = -175 - -169. Let v be (-12)/(-10)*15/d + 2. Give g(v).
14
Let p(g) = 0*g**2 - 5*g**3 + g - 15 - g**2 - 5*g + 13*g. Let j(i) = -11*i**3 - i**2 + 18*i - 31. Let d(q) = 6*j(q) - 13*p(q). Calculate d(6).
-9
Let n be -20 - 2400/(-125) - 168/(-10). Let g(t) = t + 6. Calculate g(n).
22
Suppose -1113 = 3*o + 156*o. Let i(d) = 0*d + d**3 + 0*d + 7*d**2 + d. Calculate i(o).
-7
Let f(v) = 10*v - 10. Let h be 7030/(-444)*4/15 + (-10)/(-45). Calculate f(h).
-50
Let y(u) = -u + 21. Let c(f) = -f**2 + 23*f - 113. Let k be c(7). Let z be (-1 + k)/((-68)/442). Calculate y(z).
8
Let n(w) = -w**2 - 165*w + 27 + 501*w - 170*w - 168*w. Give n(0).
27
Let a(s) = -s**3 + 5*s**2 + 6*s + 3. Let j(v) = -v**3 + 7*v**2 + 6*v + 4. Suppose 125*g - 136*g = -55. Let y(w) = g*j(w) - 6*a(w). Determine y(-6).
2
Let r = 170 - 146. Let q be 60/(-160) + (-39)/r. Let a(x) = -3*x**3 - 3*x**2 - 3*x - 3. What is a(q)?
15
Let h(k) = -k**3 - 14*k**2 - 47*k + 11. Let o be -1 + 13 + 266/(-14). Give h(o).
-3
Let r = -1 - 0. Let c(i) be the second derivative of i**5/15 + 205*i**2/2 + 136*i. Let y(t) be the first derivative of c(t). Determine y(r).
4
Let w(n) be the second derivative of 56*n + 1/6*n**3 + 0 + 7*n**2. What is w(-11)?
3
Let v(s) = -s**2 + 3*s + 2. Let y = -50 + 53. Suppose -y*i = -3*c - 24, 32 = -3*c - i + 6*i. Let g(o) = o**3 + 2*o**2 - 8*o + 5. Let a be g(c). Determine v(a).
-8
Let t(i) = 2*i**3 + 44*i**2 + 40*i - 41. Let y be t(-21). Let a(d) = d**2 + 2*d - 2. Give a(y).
1
Let k = -62 + 65. Let o be ((-30)/(-9)*k)/(4 - 5). Let a(q) = -q**2 - 13*q - 24. What is a(o)?
6
Let j(y) = -18 + 78 - 6*y - 21 - 22 - y**3. Give j(2).
-3
Let x(l) = -l**3 - 3*l**2 + 7*l + 5. Suppose 26*z = 33*z + 21. Let b be 189/(-27) - (z - 0). Determine x(b).
-7
Let x be 7 - (1 + -10 + 11). Let w(t) = 3*t - 20. Give w(x).
-5
Let c(w) = w**3 + 11*w**2 + 6*w - 6. Let y(h) = 8*h + 186. Let j be y(-23). Let d(m) = -2*m**2 - 1. Let a(l) = j*d(l) + c(l). Determine a(-6).
-8
Suppose 3 = 3*j - 3. Let h(t) = -4*t + 5*t**2 - 8 + t - t**2 - 3*t**j. Let d be (-24)/36*6/10*-15. What is h(d)?
10
Let w(m) be the second derivative of m**5/20 + m**4 + 3*m**3/2 - 41*m - 8. Calculate w(-11).
22
Let d(r) = 44*r**3 + 23*r**2 + 5*r - 1. Let j(t) = -9*t**3 - 3*t**2 + t. Let c(a) = d(a) + 5*j(a). What is c(9)?
8
Let y(v) be the first derivative of v**2/2 + 8*v + 1. Let a(z) = 5*z**2 + 314*z + 1112. Let w be a(-59). Calculate y(w).
-1
Let g be 83 + ((-8)/56 - (-747)/(-63)). Let o(d) = 4*d**3 - 281*d**2 - 214*d + 60. Calculate o(g).
-11
Let s(l) be the first derivative of l**6/360 - l**5/40 + l**4/12 - l**3/3 + 7*l**2 + 50. Let r(g) be the third derivative of s(g). Determine r(2).
0
Suppose 2*i - 23 + 9 = 0. Suppose 0*a + i = a. Let o(s) = -92*s**2 + 190*s**2 - 99*s**2 - a + 9*s. Determine o(7).
7
Let w(n) be the first derivative of 25*n**2/2 - 160*n - 1439. Give w(6).
-10
Let w(n) = 53*n + 7900. Let l be w(-149). Let f(b) = 2*b**2 - 16*b + 29. Calculate f(l).
-1
Let k(u) be the first derivative of 0*u**4 + 1/120*u**6 - 1/6*u**3 + 0*u + 31 - 2*u**2 - 1/15*u**5. Let f(r) be the second derivative of k(r). Give f(2).
-9
Let m be (-8)/6*(-16 + (-2330)/(-20)). Let d = 145 + m. Let p(t) = -t - 3. Calculate p(d).
-14
Let n(p) = -13*p + 0 + 10*p - 4*p - p**2 - 3. Let o be (5 - (1 + (-56)/(-12)))*12. Give n(o).
-11
Let n(y) = -y**2 + 43*y - 253. Let g be n(34). Let i(x) = -205*x + g*x + x**3 + 51*x + 54*x - 3 + 46*x - x**2. What is i(2)?
-1
Suppose 52*j - 57*j - 12 = 2*l, -24 = 4*l + j. Let i be (2 + (-9)/3)/(-1). Let y(q) = 4 - 6*q - 2*q**2 + q**2 + q - i. What is y(l)?
-3
Let q(d) be the first derivative of -d**5/40 - 5*d**4/24 + 5*d**3/3 - 13*d - 85. Let r(m) be the third derivative of q(m). What is r(4)?
-17
Let j(k) be the first derivative of 2*k**2 - k + 381. Let g be ((-2)/4)/(2/28). Let z = 3 + g. Give j(z).
-17
Let y(r) = r + 4. Let a(b) = -2*b**2 + 15*b - 7. Let g be a(6). Let n(q) = -q**3 + 9*q**2 + 21*q + 16. Let z be n(g). Give y(z).
9
Let f(a) = -a**2 + 40*a + 495. Suppose 5*d = 2*c - 34, 14*d - 16*d = -2*c + 4. Determine f(d).
-5
Let w be 5 + (5 - (-49)/(-7)). Let k(g) = -4 + 4*g**3 + g - 3*g**3 - 2*g + 20 - 9 + w*g**2. Calculate k(-5).
-38
Let m(i) = 3. Let z(w) = -2. Let y(k) = -3*m(k) - 4*z(k). Suppose -176*t + 5 = -177*t. Let r(b) = b**2 + 4*b - 5. Let x(q) = t*y(q) + r(q). Calculate x(-5).
5
Let q(d) be the third derivative of d**6/120 - d**5/30 - 43*d**4/24 - 5*d**3/3 - 197*d**2. Give q(8).
30
Let q(h) = -h**2 - 2*h + 1. Let i(l) = 6*l**2 + 19*l + 7. Let g be (4 + 11)/(-2 + 5). Let j(s) = g*q(s) + i(s). What is j(-7)?
-2
Let b be 59010/(-2814) - (-2)/(-67). Let l(r) = r**3 + 18*r**2 - 62*r + 19. Calculate l(b).
-2
Suppose -q + 22 = 3*u, -q - 88 = -5*q - 4*u. Let m be (30/18)/(-5) + q/3. Let h(b) = b**2 - 9*b + 11. What is h(m)?
-3
Let x(r) be the third derivative of -r**6/120 + 3*r**5/20 + r**4/12 - 4*r**3/3 - r**2. Let c(k) = -5*k**3 - 28*k**2 + 216*k - 31. Let y be c(-10). Give x(y).
10
Suppose 2*x + 0*o - 3*o = 10, 14 = 4*x - 3*o. Let m(h) = 10 + 226*h - 466*h + 232*h + 2*h**x. Give m(4).
10
Let i(k) = -2*k**2 + 134*k + 6. Let r(v) = -v**2 + 114*v + 9. Let w(j) = 6*i(j) - 7*r(j). Determine w(5).
-122
Let z(t) = 2*t - 7. Let w be z(5). Suppose 5*v - w*v = 82. Let a = v + -38. Let d(i) = -i**2 + 2*i + 3. Give d(a).
0
Let r(u) be the second derivative of -5*u**3/6 - 3*u**2/2 + 5*u. Let p = 81 + -81. Suppose 0 = -4*l - 2*s - 12, 12 = -4*l + 3*s - p*s. Give r(l).
12
Let b(q) be the second derivative of q**3/6 - q**2/2 - 2*q. Let a be 4*9/4 + -6. Let k be (-1 - (-12)/6)/(a/(-3)). What is b(k)?
-2
Let d(m) = 8*m. Suppose p - 5 = -4. Let v be d(p). Let o = v + -12. Let y(u) = u**2 + 5*u + 3. Give y(o).
-1
Let w(j) = -j**3 - 3*j**2 + 2*j. Let d = 27 + -29. Let a be 50/15*(-21)/d*1. Let p = 32 - a. What is w(p)?
-6
Let p(d) = -7*d - 32. Let s be p(-6). Suppose 0 = -2*x + s + 2. Let w(r) = 6*r - 4*r**2 - 3 + 2*r**2 + r**2 + 2*r. What is w(x)?
9
Let h = -44 + 69. Let n = h - 21. Let w be 6 - ((n - 1) + -3). Let j(z) = -z**2 + 4*z + 5. Determine j(w).
-7
Suppose -76 = -177*a + 158*a. Let n(l) = 4*l**3 + 9*l**2 + 5*l + 20. Let h(u) = u**3 + 3*u**2 + 2*u + 6. Let g(p) = 7*h(p) - 2*n(p). Calculate g(a).
2
Suppose 48 - 23 = 5*o. Suppose -4*z - 3*b + 5 = 0, 2*b - o = -4*z + 1. Let u(q) = -2*q**3 - 239*q**2 + 2 + 243*q**z + 3*q**3. What is u(-3)?
11
Let p(s) be the first derivative of -s**4/4 + 8*s**3/3 + 10*s**2 - 9*s - 11764. Determine p(10).
-9
Let t be ((-5)/(-330)*33)/((-12)/(-1)). Let v(f) be the third derivative of 22*f**2 - t*f**4 + 0*f**3 + 0*f + 0. Determine v(-1).
1
Let x be -1*((-368 - 4) + 0 + -1). Let g = x + -379. Let j(k) = -k**2 + k + 5. What is j(g)?
-37
Let f(n) = 10*n**3 + 74*n**2 + 78*n - 58. Let i(j) = -3*j**3 - 25*j**2 - 26*j + 19. Let m(x) = -2*f(x) - 7*i(x). Calculate m(-26).
-17
Let i = -11 + 15. Let k(m) = 189106 + 85*m - m**2 - 189111 - 87*m. What is k(i)?
-29
Let z(k) = 15182 - 15171 + 0*k - 11*k. What is z(6)?
-55
Let m(o) = -2*o**3 - 4*o**2 - 18*o + 12. Let a(y) = y**3 + 19*y - 8. Let h(v) = -3*a(v) - 2*m(v). Determine h(-10).
10
Let v(o) be the second derivative of o**5/60 + o**4/24 - o**3/2 - 12*o**2 + 2*o - 38. Let b(w) be the first derivative of v(w). What is b(-3)?
3
Let c(r) = -9*r**3 - 19*r**2 - 57*r + 3. Let k(l) = -7*l**3 - 20*l**2 - 56*l + 1. Let z(m) = -4*c(m) + 5*k(m). What is z(26)?
-7
Let j(a) = -16*a + 3. Suppose